 4*a + 3. Calculate i(5).
8
Let n(p) = p - 1. Give n(5).
4
Let s(b) = -6*b**2 - 13*b - 12. What is s(-1)?
-5
Let s(f) = f**3 - 5*f**2 - 2*f + 1. Determine s(6).
25
Let p(y) = -y**2 - 16*y + 32. Give p(-19).
-25
Let b(d) = -2*d**2 - 15*d - 41. Give b(-5).
-16
Let u(y) = 111*y + 997. Calculate u(-9).
-2
Let s(m) = m - 8. Determine s(15).
7
Let s(p) = 3*p**2 - 7*p + 9. What is s(5)?
49
Let a(s) = s**3 + 12*s**2 + 11*s - 1. Determine a(-11).
-1
Let i(c) = -c**2 + 14*c + 3. Calculate i(16).
-29
Let f(b) = -b**3 + b**2 + 2*b - 2. What is f(4)?
-42
Let q(d) = d**3 + 8*d**2 - 11*d - 10. Determine q(-9).
8
Let l(w) = w**3 - 12*w**2 + 16*w + 24. Calculate l(10).
-16
Let j(c) = c**2 + 18*c + 24. What is j(-17)?
7
Let j(k) = -4*k - 25. Give j(-9).
11
Let x(i) = -i + 10. What is x(3)?
7
Let h(f) = -2*f - 4. What is h(-4)?
4
Let z(i) = -i - 13. What is z(0)?
-13
Let g(j) = j**2. Calculate g(-7).
49
Let p(v) = 2*v**2 - v - 6. Give p(3).
9
Let l(r) = -7*r - 12. Give l(-1).
-5
Let x(a) = 3*a**3 - a**2 + 1. What is x(-1)?
-3
Let z(t) = -25*t**3 - t**2 + 3*t + 4. Calculate z(-2).
194
Let w(y) = 3*y - 13. Determine w(10).
17
Let p(n) = n**3 - 13*n**2 - 18*n + 72. Determine p(14).
16
Let d(c) = c**2 - 4*c - 4. Determine d(4).
-4
Let c(m) = -2*m**3 - 5*m**2 - m + 2. Calculate c(-3).
14
Let k(i) = -i**2 + 9*i + 93. What is k(-8)?
-43
Let k(l) = 2*l**3 + 2*l**2 + 3*l + 4. Determine k(-3).
-41
Let t(y) = y**3 + 17*y**2 + 27*y. What is t(-15)?
45
Let h(a) = -34*a + 61. Calculate h(2).
-7
Let c(h) = 5*h**2 - 19*h - 8. Give c(4).
-4
Let z(f) = -2*f - 12. Give z(6).
-24
Let h(a) = -2*a**3 + 2*a. Calculate h(3).
-48
Let d(m) = m**2 + 8*m - 2. Determine d(-6).
-14
Let m(s) = -3*s**3 - s**2 + s - 2. Give m(2).
-28
Let p(h) = 3*h - 38. Calculate p(17).
13
Let o(k) = 9*k - 1. Determine o(4).
35
Let v(y) = -y**2 - 5*y + 18. Determine v(-7).
4
Let a(i) = 2*i - 43. What is a(13)?
-17
Let q(c) = 2*c**3 + 4*c**2 + c - 4. Give q(1).
3
Let o(n) = -3*n**2 + 7*n - 3. Determine o(4).
-23
Let x(z) = z**3 + 7*z**2 + 5*z - 2. Give x(-4).
26
Let n(y) = -y**2 - 4*y - 6. What is n(-5)?
-11
Let b(w) = -w**3 - 7*w**2 + 6*w + 39. Determine b(-5).
-41
Let j(n) = n**2 + 16*n - 51. What is j(4)?
29
Let v(r) = -r**2 + 2*r + 3. Determine v(6).
-21
Let y(p) = -2*p**3 + 16*p**2 - p - 5. Calculate y(8).
-13
Let x(k) = k**2 + 9*k - 9. Give x(-7).
-23
Let o(d) = -d**3 - 7*d**2 - 8*d - 11. Give o(-6).
1
Let p(w) = -4*w + 23. Calculate p(4).
7
Let c(y) = y + 9. Give c(-8).
1
Let c(i) = -14*i + 60. Calculate c(8).
-52
Let g(b) = -b**3 + 5*b**2 - 6*b + 6. Give g(4).
-2
Let l(r) = r**2 + 17*r + 16. What is l(-13)?
-36
Let y(o) = -o**3 + 2*o**2 - 12*o + 35. Give y(3).
-10
Let g(c) = -4*c**2 - 28*c - 20. What is g(-6)?
4
Let q(m) = -m**2 - 6*m + 53. What is q(5)?
-2
Let r(o) = 4*o**3 + o**2. What is r(2)?
36
Let s(j) = -j**2 - 11*j + 16. Give s(-13).
-10
Let n(y) = -y**3 - 8*y**2 + 7*y - 9. Give n(-9).
9
Let u(r) = -r**3 - 17*r**2 - 50*r + 27. Determine u(-13).
1
Let a(t) = -32*t**3 - 2*t**2 - t. Determine a(-1).
31
Let b(g) = -g**3 + 9*g**2 - 4*g - 7. Calculate b(8).
25
Let h(g) = g**3 + 13*g**2 - 8*g + 18. Determine h(-14).
-66
Let f(k) = k**3 - 4*k**2 + 7*k - 3. Give f(3).
9
Let f(q) = -q**3 - 11*q**2 + 14*q + 28. Determine f(-12).
4
Let y(c) = -c**2 + 13*c + 28. What is y(14)?
14
Let f(g) = -g**2 - 15*g - 42. What is f(-12)?
-6
Let q(m) = m**3 + 9*m**2 + 10*m + 15. Give q(-8).
-1
Let k(i) = -i + 10. What is k(-4)?
14
Let f(s) = -s**3 - 6*s**2 + 8*s + 3. Calculate f(-7).
-4
Let i(v) = v**3 - 3*v**2 - 28*v + 98. Give i(4).
2
Let m(s) = -s**2 + 2*s + 8. Give m(4).
0
Let s(m) = -20*m - 659. Give s(-33).
1
Let h(s) = 2*s**2 - 36*s - 10. What is h(18)?
-10
Let m(l) = -42*l - 10. Calculate m(-2).
74
Let r(f) = -33*f + 660. Calculate r(20).
0
Let j(a) = -a**2 - 7*a + 7. Calculate j(-8).
-1
Let l(y) = -y**3 + y**2 - 2*y + 2. Give l(0).
2
Let w(u) = -10*u**2 + u - 1. What is w(-2)?
-43
Let r(y) = y**2 + 8*y - 20. What is r(-11)?
13
Let j(o) = 4*o - 3. Calculate j(15).
57
Let h(j) = -j**2 - 5*j + 1. Calculate h(-3).
7
Let h(z) = -19*z**3 - z**2. Determine h(-1).
18
Let a(z) = -z**2 - 13*z - 23. Calculate a(-13).
-23
Let f(b) = b**3 + 5*b**2 - 4*b - 8. What is f(-7)?
-78
Let b(p) = p**2 + 8*p - 4. Determine b(-8).
-4
Let o(g) = -g**3 + 38*g**2 + g - 21. Give o(38).
17
Let o(q) = q**2 - 30*q - 82. Give o(34).
54
Let m(c) = -c - 2. What is m(7)?
-9
Let q(d) = -4*d**2 + 42*d - 7. What is q(10)?
13
Let h(s) = -s**3 + 8*s**2 + 32*s - 9. Determine h(11).
-20
Let q(m) = m**3 - 2*m**2 - m + 2. Calculate q(3).
8
Let q(d) = d**3 - 5*d**2 + 5*d - 6. Calculate q(5).
19
Let n(k) = k**3 + 7*k**2 - 17. Calculate n(-7).
-17
Let q(y) = -y**3 + 24*y**2 - 21*y + 19. Calculate q(23).
65
Let r(p) = p**3 + 4*p**2 + 9*p + 21. Calculate r(-3).
3
Let i(x) = -2*x**3 - 3*x**2 + 25*x + 14. Determine i(-4).
-6
Let h(p) = -2*p**2 + 3*p - 4. Calculate h(5).
-39
Let k(a) = a**3 + 5*a**2 + 4*a - 1. Determine k(-2).
3
Let j(n) = -n**3 + 11*n**2 + 27*n + 14. What is j(13)?
27
Let j(b) = -b**2 + 21*b - 5. Give j(16).
75
Let b(j) = j**3 + 2*j + 2. What is b(-2)?
-10
Let z(l) = -45*l - 573. Determine z(-13).
12
Let y(n) = -n**3 + 31*n**2 - 28*n - 86. What is y(30)?
-26
Let d(h) = -16*h - 4. Calculate d(-3).
44
Let v(p) = p**3 + p**2 + p + 4. Determine v(0).
4
Let b(v) = v + 23. Determine b(-11).
12
Let s(o) = -2*o**2 + 6*o + 12. Give s(6).
-24
Let d(h) = -3*h + 19. Calculate d(-12).
55
Let m(t) = -t**3 - 27*t**2 + 29*t + 11. Give m(-28).
-17
Let r(v) = -2*v**2 - 32*v + 35. Give r(-17).
1
Let x(w) = 2*w - 17. Determine x(-5).
-27
Let d(l) = -l**2 + 2*l - 3. What is d(5)?
-18
Let w(k) = 24*k - 80. Determine w(3).
-8
Let d(u) = -3*u**2 - 2*u - 18. Calculate d(-3).
-39
Let p(v) = v**3 + 7*v**2 - 2*v - 9. Give p(-7).
5
Let d(c) = 8*c + 26. Calculate d(9).
98
Let i(h) = -10*h**3 - 2*h**2 + 2*h + 4. Give i(-2).
72
Let i(y) = -y**3 + 14*y**2 + 14*y - 12. Give i(15).
-27
Let l(m) = 24*m + 1. Calculate l(2).
49
Let l(d) = -d**3 + 5*d + 1. Determine l(-2).
-1
Let y(a) = -a**2 - 7*a - 12. Calculate y(-4).
0
Let c(s) = -6*s + 8. What is c(3)?
-10
Let v(k) = -16*k - 36. Calculate v(-3).
12
Let x(i) = i**2 + 10*i + 22. Give x(-4).
-2
Let c(s) = 2*s**2 - 29*s - 3. Calculate c(13).
-42
Let z(m) = -22*m + 57. What is z(3)?
-9
Let l(j) = 2*j + 64. What is l(-29)?
6
Let l(h) = -2*h**2 + h - 2. What is l(-2)?
-12
Let g(k) = k**2 + 4*k - 4. Give g(1).
1
Let r(a) = -a**2 - 7*a - 7. Determine r(-6).
-1
Let p(v) = -46*v + 16. Determine p(1).
-30
Let r(y) = -2*y + 3. Give r(5).
-7
Let s(n) = -30*n**2 + 3*n + 2. Calculate s(-1).
-31
Let t(h) = -183*h - 733. What is t(-4)?
-1
Let c(k) = -25*k + 1. What is c(1)?
-24
Let u(z) = z**3 + 2*z - 6. Give u(-3).
-39
Let d(f) = f**3 - 6*f**2 - 11*f + 9. Give d(7).
-19
Let g(y) = -4*y - 181. Calculate g(-44).
-5
Let t(c) = -c**2 - 3*c + 12. What is t(-7)?
-16
Let m(v) = v**2 + 10*v + 18. Determine m(-10).
18
Let r(w) = 2*w**2 - 68*w - 145. Determine r(36).
-1
Let t(i) = i**3 + 10*i**2 + 27*i + 5. Give t(-5).
-5
Let p(i) = -56*i - 1681. Give p(-30).
-1
Let p(q) = -3*q - 1. What is p(-4)?
11
Let l(p) = -2*p**2 - 21*p - 2. Give l(-9).
25
Let w(k) = -k**3 - 3*k**2 - 3*k - 1. Give w(-1).
0
Let i(o) = -23*o + 453. What is i(19)?
16
Let n(b) = -3*b**2 - 13*b - 17. Determine n(-3).
-5
Let u(h) = -97*h**2 - h. What is u(1)?
-98
Let v(o) = 5*o - 4. Determine v(-3).
-19
Let s(f) = f**3 + 8*f**2 + 9*f + 4. What is s(-7)?
-10
Let k(b) = b**2 + 18*b + 60. Give k(-4).
4
Let u(g) = g**2 + 15*g + 7. Give u(-16).
23
Let u(f) = -f**3 - 48*f**2 - 47*f + 41. Calculate u(-47).
41
Let n(g) = -g**3 + 10*g**2 - 9*g - 13. Determine n(9).
-13
Let x(n) = 57*n - 16. What is x(0)?
-16
Let k(i) = -11*i - 92. What is k(-8)?
-4
Let r(t) = 2*t**2 - 12*t - 5. Determine r(9).
49
Let a(l) = l**2 - 14*l + 5. Calculate a(10).
-35
Let f(l) = l**2 + 19*l - 16. Calculate f(-20).
4
Let f(j) = -2*j**2 + 11*j + 31. Determine f(-3).
-20
Let l(i) = 2*i**2 - 17*i - 7. Determine l(9).
2
Let g(m) = m**3 - 5*m**2 + 4*m + 4. What is g(3)?
-2
Let b(u) = u**3 + 10*u**2 + 9*u + 6. Give b(-9).
6
Let d(q) = 5*q**2 - 16*q + 5. Give d(2).
-7
Let v(g) = 2*g**2 - 11*g - 3. Determine v(6).
3
Let f(n) = n**3 + 16*n**2 + 17*n + 25. Calculate f(-15).
-5
Let r(h) = -h + 49. Give r(7).
42
Let i(b) = 37*b -